y 17.
16
Let h(v) = 4*v - 2. Let q be 5*(1 + 3/(-15)). Let r = -4960 + 4997. Calculate the remainder when r is divided by h(q).
9
Let a(b) = b**3 + 14*b**2 + 38*b - 12. Let u be a(-10). What is the remainder when (-7)/((-105)/(-1090))*(-12)/u is divided by 29?
22
Suppose -o - 17*b = -16*b - 16, -o - 4*b + 28 = 0. Calculate the remainder when o is divided by (8/(-6))/((-4)/18).
0
Suppose -4*s - 125 = -8*g + 3*g, -25 = 5*s. Let b(m) = -7*m**2 + 10. Let t(x) = 1. Let u(h) = -b(h) + 6*t(h). What is the remainder when u(-3) is divided by g?
17
Suppose -543*v + 540*v + 75 = 0. Calculate the remainder when 56 is divided by v.
6
Suppose -5*a = 33 - 43. Suppose 0 = 3*z - a*z - 11. What is the remainder when -3 - -3 - (1 - 65) is divided by z?
9
Suppose -65260 = 137382*a - 137386*a. What is the remainder when a is divided by 41?
38
Suppose 281*u - 147*u = 147*u - 3978. Calculate the remainder when 2135 is divided by u.
299
Let v = 18 - 1. What is the remainder when (3/(18/(-8)))/(85/(-3570)) is divided by v?
5
What is the remainder when 596 is divided by 315/(-70)*4/3 + (50 - 9)?
1
What is the remainder when 510 is divided by (-599)/(-11) - (-72)/132?
15
Let z = 7944 - 7849. What is the remainder when 190 is divided by z?
0
Calculate the remainder when 166 is divided by (-14)/3*(-36 + 18).
82
Suppose -43*o + 25*o = 810. What is the remainder when 586 is divided by o/(-6)*4/6 - -93?
96
Suppose -2912*p = -3202*p + 10440. Suppose -444 = -3*h + 3*z + 609, -10 = -2*z. Calculate the remainder when h is divided by p.
32
Let k = -10487 - -11687. What is the remainder when k is divided by 78?
30
Suppose 64*m - 1423 = 1329. Calculate the remainder when (18/(-10))/((-1)/55) + -3 is divided by m.
10
Suppose 2*o = -5*f - 1847, 2134 = -5*o - 5*f - 2506. Let n = o + 957. What is the remainder when 415 is divided by n?
25
Suppose -22 = -6*p + 2. Suppose -3 = -3*a, 0 = -5*r - a - p. Calculate the remainder when 2 - -79 - (5 + r) is divided by 20.
17
Suppose -27 = -5*g - 2*j + 21, 0 = -3*g - 3*j + 27. Suppose g = -2*u + 7*u. Suppose u*s - 2 = 28. Calculate the remainder when 69 is divided by s.
9
Let q = 204 - 203. Calculate the remainder when 24/48*(q + 423) is divided by 43.
40
Let t(f) = f**2 - 2*f. Suppose -99*d - 4*a + 504 = -95*d, 5*a + 322 = 3*d. Calculate the remainder when d is divided by t(-4).
23
Let z = -14296 - -14334. Calculate the remainder when 529 is divided by z.
35
Suppose 3*j - 38 = 4*v, -2*v + 7*v + 19 = -j. Suppose 3*t + 167 = j*t - 2*n, n + 55 = t. Suppose 3*a - 6 = t. What is the remainder when a is divided by 11?
10
Let i(r) = -2*r**2 - 534*r + 2188. Calculate the remainder when 5425 is divided by i(4).
5
Calculate the remainder when 429 + 1*(-13 + -4) is divided by 319.
93
Let z = 86 + -81. Suppose -2*s = 3*d, z*s = -d + 2*d. Suppose 0 = 2*x - d*x - 74. Calculate the remainder when x is divided by 6.
1
Let r(x) = x**3 + 11*x**2 - 12*x - 138. What is the remainder when 0 + -6*800/(-15) is divided by r(-10)?
74
Let k = 2 - -4. Let b be (3 + 0)*(k - -1) - 3. What is the remainder when b/(-1)*(7 - 8) is divided by 14?
4
Suppose 4*u - 20*t - 176 = -24*t, 18 = -3*t. Calculate the remainder when 649 is divided by u.
49
Let l(x) be the second derivative of -x**3 - 47*x**2/2 + 115*x + 2. What is the remainder when 205 is divided by l(-11)?
15
Suppose 0 = -20*t + 15*t - 10, -5*x = -4*t - 163. Calculate the remainder when 429 is divided by x.
26
Suppose 4*h = -4, 26*f - 30*f = 17*h - 639. Calculate the remainder when 326 is divided by f.
162
Suppose 74 = 3*b + 4*u, -b + 7*u - 2*u + 31 = 0. Let j = -109 + 180. Suppose -3*z + j = -232. Calculate the remainder when z is divided by b.
23
Calculate the remainder when 1*7*(-472)/(-413) - -392 is divided by 132.
4
Let t = -6118 - -6228. Calculate the remainder when 668 is divided by t.
8
Let y(v) = -30*v + 3. Let s be y(0). Let z(h) = 8*h + 19. What is the remainder when 168 is divided by z(s)?
39
Suppose 2*q - 698 = 879*m - 881*m, 5*m = -4*q + 1748. Calculate the remainder when 737 is divided by m.
33
Let x(q) = -q**3 + 3*q**2 + 12*q + 26. What is the remainder when 698 is divided by x(5)?
14
Let a(r) = -2*r**3 - 263*r**2 + 359*r - 5315. Suppose 0 = -2*g + 4, 3*g - 2*g - 17 = 3*o. Let t = o + 15. What is the remainder when t is divided by a(-133)?
0
Let w(a) = 55*a**2 - 46*a + 45. Calculate the remainder when 195 is divided by w(1).
33
Let k(a) = 4*a - 11. Let s be k(-26). Let x = s + 120. Calculate the remainder when 27 is divided by x.
2
Let j(h) = -8*h**2 - 442*h + 1289. Calculate the remainder when j(-57) is divided by 4/10 - (-384)/15.
23
Let z(a) = -2*a**3 - 50*a**2 + 49*a - 52. Calculate the remainder when 775 is divided by z(-26).
21
Let d(j) = -18*j - 5. Suppose -33*q + 241 = 5*z - 32*q, 2*q - 247 = -5*z. What is the remainder when d(-5) is divided by z?
38
Let j(f) = 2554*f**2 + 23*f + 12. Calculate the remainder when j(-1) is divided by 212.
211
Suppose 5*r - 7*r + 680 = 0. Suppose 433 = 3*c + r. What is the remainder when c is divided by 11?
9
Let v = -75 + 55. Let z be (-2 + (-1)/5)/(4/v). Let r = z + 38. What is the remainder when 291 is divided by r?
46
Suppose 0 = -w - 39 + 67. Calculate the remainder when 45 is divided by w.
17
Calculate the remainder when (-111)/(-15)*(-94)/(-4) + (-17)/(-170) is divided by 114.
60
Suppose -2*w = -10*w - 114 + 1002. Calculate the remainder when w is divided by 33.
12
Suppose -4*k = -5*g - 1248, 4*k + 0*k = -5*g + 1288. Calculate the remainder when k is divided by 29.
27
Suppose -3*w + 6*b = b - 89, 0 = -4*w + 2*b + 100. What is the remainder when 164 is divided by w?
3
Let k = -3207 - -3577. What is the remainder when k is divided by 97?
79
Let p(i) = 2*i**3 - 8*i**2 + 6*i - 30. Calculate the remainder when p(7) is divided by (36/45)/(2*(-2)/(-310)).
58
Suppose k + 76 = 3*a - 214, -2*a + 180 = 2*k. Suppose 9*m - 4*p = 6*m + 147, 0 = -5*p. Calculate the remainder when a is divided by m.
46
Let z(k) = -18 - 12 - 3*k - 10 + 6. Let p be z(-9). Calculate the remainder when (3 + p/3)/(2/162) is divided by 14.
12
Suppose -1168*u = -1181*u + 40027. Calculate the remainder when u is divided by 46.
43
Suppose 3*q + 2*i = 76 + 176, -3*q = -2*i - 240. Suppose 953 + q = 9*x. What is the remainder when x is divided by 58?
57
Let d = 170 + -165. Suppose d*v + 3*z = 4*z + 458, 2*z - 464 = -5*v. Calculate the remainder when v is divided by 89.
3
Let a(x) = -x**3 + 22*x**2 - 54*x - 50. Calculate the remainder when 6229 is divided by a(19).
6
Suppose -h - 4 = 0, -y + 1 = 2*h + 5. Suppose 0 = -y*b + 45 + 67. What is the remainder when 305 is divided by b?
25
Let a be 1/4 - (1157/4)/13. Let f(w) = w**2 + 23*w + 10. Let c be f(a). What is the remainder when 41 is divided by 3 - (-54)/c - 94/(-4)?
19
Let l(m) = 7*m**2 + 26*m + 4. Let y be l(-4). Suppose 0 = 14*w - 17*w + y. Calculate the remainder when 68 is divided by w.
0
Suppose -2*c - 303 = -5*d, 2582*d + 96 = 2584*d + 2*c. What is the remainder when d is divided by ((-36)/(-10))/((-1)/(-5))?
3
Let t(m) = m**3 + 4*m**2 - 2*m - 5. Let u = 47 + -51. Let d(y) = -2*y**2 - 9*y + 8. What is the remainder when t(u) is divided by d(-5)?
0
Suppose -655 + 368 = -86*v + 6163. What is the remainder when v is divided by ((-2)/(-4))/((-2)/(-68))?
7
Suppose -149*g + 147*g - 2992 = 0. What is the remainder when (-56)/(-2)*(g/32)/(-17) is divided by 6?
5
Let t = -12281 - -13012. What is the remainder when t is divided by 39?
29
Let c(m) = m**2 + 7*m - 6. Let w be (-318)/39 - (-12)/78. Let n be c(w). Suppose -3*j = n*j - 860. What is the remainder when j is divided by 29?
27
Let y(v) = 5*v**2 + v. Let i be y(-1). Suppose 0 = 6*d + 2*r - 202, 3*d - 4*d + 25 = -i*r. What is the remainder when 99 is divided by d?
0
Let l(j) = -j + 1. Suppose 2504 = -5*t + 2864. Calculate the remainder when t is divided by l(-1).
0
Suppose 0 = 24*z - 7*z + 612. Calculate the remainder when 166 is divided by -2*76/(-6) + z/108.
16
Suppose -3*x + 132 = 3*m, m - 2*m - 4*x + 50 = 0. Let c = 75 - m. Let o(k) = 2*k**2 + 13*k + 131. What is the remainder when o(0) is divided by c?
32
Suppose 2*k + 4*n - 156 = 0, 4*k = 13*n - 9*n + 360. Let x(m) = 7*m + 6. What is the remainder when k is divided by x(4)?
18
Let c = -337 + 717. Let i = -359 + c. Suppose 3*v - 1 = 32. Calc